when 13777 is divided by 656?
1
Calculate the remainder when 2123 is divided by 2071.
52
What is the remainder when 8637 is divided by 45?
42
Calculate the remainder when 225157 is divided by 77.
9
What is the remainder when 1580 is divided by 358?
148
Calculate the remainder when 80373 is divided by 125.
123
What is the remainder when 75017 is divided by 6251?
5
Calculate the remainder when 4695 is divided by 858.
405
Calculate the remainder when 9496 is divided by 172.
36
What is the remainder when 648037 is divided by 953?
950
What is the remainder when 977936 is divided by 12?
8
What is the remainder when 30042 is divided by 86?
28
Calculate the remainder when 3672 is divided by 1171.
159
What is the remainder when 2992 is divided by 172?
68
What is the remainder when 1228 is divided by 128?
76
Calculate the remainder when 31061 is divided by 1294.
5
What is the remainder when 41904 is divided by 514?
270
What is the remainder when 1639 is divided by 63?
1
Calculate the remainder when 4133 is divided by 183.
107
Calculate the remainder when 3157 is divided by 774.
61
What is the remainder when 14222 is divided by 1838?
1356
Calculate the remainder when 9878 is divided by 379.
24
What is the remainder when 3117 is divided by 212?
149
What is the remainder when 17192 is divided by 1009?
39
What is the remainder when 100549 is divided by 2139?
16
What is the remainder when 348569 is divided by 59?
56
Calculate the remainder when 4265 is divided by 269.
230
What is the remainder when 51548 is divided by 580?
508
What is the remainder when 2467 is divided by 2460?
7
Calculate the remainder when 126320 is divided by 87.
83
What is the remainder when 40987 is divided by 10240?
27
Calculate the remainder when 337 is divided by 331.
6
What is the remainder when 21309 is divided by 463?
11
Calculate the remainder when 315955 is divided by 9292.
27
Calculate the remainder when 53034 is divided by 26513.
8
What is the remainder when 276013 is divided by 168?
157
What is the remainder when 27235 is divided by 42?
19
What is the remainder when 6940 is divided by 2296?
52
What is the remainder when 10362 is divided by 821?
510
Calculate the remainder when 8653 is divided by 115.
28
Calculate the remainder when 13299 is divided by 413.
83
Calculate the remainder when 28488 is divided by 1142.
1080
What is the remainder when 2875 is divided by 961?
953
Calculate the remainder when 607 is divided by 20.
7
Calculate the remainder when 5533 is divided by 499.
44
Calculate the remainder when 16638 is divided by 74.
62
What is the remainder when 402386 is divided by 306?
302
What is the remainder when 14321 is divided by 29?
24
Calculate the remainder when 24975 is divided by 8324.
3
Calculate the remainder when 615020 is divided by 12.
8
What is the remainder when 62946 is divided by 20926?
168
What is the remainder when 18837 is divided by 662?
301
Calculate the remainder when 5465 is divided by 273.
5
What is the remainder when 271040 is divided by 67758?
8
What is the remainder when 17326 is divided by 718?
94
Calculate the remainder when 5855 is divided by 13.
5
Calculate the remainder when 2371 is divided by 737.
160
Calculate the remainder when 9578 is divided by 266.
2
What is the remainder when 1330 is divided by 173?
119
Calculate the remainder when 189617 is divided by 6.
5
Calculate the remainder when 1429483 is divided by 133.
132
Calculate the remainder when 689531 is divided by 137.
10
Calculate the remainder when 543399 is divided by 521.
517
Calculate the remainder when 294456 is divided by 217.
204
Calculate the remainder when 875308 is divided by 30.
28
What is the remainder when 3559676 is divided by 1920?
1916
What is the remainder when 3094 is divided by 36?
34
Calculate the remainder when 4339 is divided by 161.
153
Calculate the remainder when 4795 is divided by 2333.
129
What is the remainder when 3890 is divided by 229?
226
What is the remainder when 7032 is divided by 1389?
87
What is the remainder when 103172 is divided by 25790?
12
What is the remainder when 91647 is divided by 18?
9
What is the remainder when 8669 is divided by 137?
38
What is the remainder when 9393 is divided by 269?
247
Calculate the remainder when 29609 is divided by 70.
69
Calculate the remainder when 286552 is divided by 5.
2
What is the remainder when 23778 is divided by 30?
18
What is the remainder when 124177 is divided by 33?
31
What is the remainder when 10432 is divided by 3473?
13
Calculate the remainder when 4351 is divided by 109.
100
Calculate the remainder when 5698 is divided by 321.
241
What is the remainder when 559090 is divided by 1684?
2
Calculate the remainder when 9973 is divided by 44.
29
What is the remainder when 1267 is divided by 421?
4
What is the remainder when 18026 is divided by 46?
40
What is the remainder when 2926 is divided by 236?
94
Calculate the remainder when 37827 is divided by 11.
9
What is the remainder when 641923 is divided by 424?
411
What is the remainder when 757438 is divided by 2?
0
Calculate the remainder when 3818 is divided by 1908.
2
What is the remainder when 82272 is divided by 21?
15
Calculate the remainder when 151997 is divided by 14.
13
Calculate the remainder when 90685 is divided by 43.
41
Calculate the remainder when 20 is divided by 14.
6
Calculate the remainder when 4576 is divided by 20.
16
Calculate the remainder when 5771 is divided by 158.
83
What is the remainder when 33099 is divided by 5?
4
Calculate the remainder when 73119 is divided by 194.
175
What is the remainder when 169294 is divided by 49?
48
Calculate the remainder when 343890 is divided by 3779.
1
What is the remainder when 7521 is divided by 165?
96
Calculate the remainder when 10066 is divided by 3335.
61
What is the remainder when 75307 is divided by 404?
163
Calculate the remainder when 13125 is divided by 11.
2
Calculate the remainder when 303032 is divided by 1094.
1088
Calculate the remainder when 5585 is divided by 81.
77
Calculate the remainder when 859 is divided by 140.
19
What is the remainder when 87225 is divided by 1817?
9
What is the remainder when 46798 is divided by 11696?
14
What is the remainder when 9513 is divided by 68?
61
Calculate the remainder when 21880 is divided by 598.
352
Calculate the remainder when 2919988 is divided by 30.
28
Calculate the remainder when 624 is divided by 354.
270
What is the remainder when 11423 is divided by 49?
6
Calculate the remainder when 1284 is divided by 632.
20
Calculate the remainder when 2393 is divided by 265.
8
Calculate the remainder when 26962 is divided by 284.
266
Calculate the remainder when 590326 is divided by 590298.
28
What is the remainder when 935 is divided by 24?
23
Calculate the remainder when 1233 is divided by 76.
17
Calculate the remainder when 5723 is divided by 1375.
223
Calculate the remainder when 4824 is divided by 321.
9
What is the remainder when 162611 is divided by 127?
51
Calculate the remainder when 8590262 is divided by 244.
242
Calculate the remainder when 1659142 is divided by 123.
118
What is the remainder when 34388 is divided by 2267?
383
What is the remainder when 201273 is divided by 201268?
5
What is the remainder when 56200 is divided by 214?
132
What is the remainder when 123220 is divided by 302?
4
Calculate the remainder when 124642 is divided by 26.
24
What is the remainder when 54366 is divided by 318?
306
What is the remainder when 2263 is divided by 315?
58
What is the remainder when 25252 is divided by 1940?
32
What is the remainder when 987 is divided by 77?
63
What is the remainder when 16684 is divided by 1662?
64
What is the remainder when 77452 is divided by 81?
16
Calculate the remainder when 5419 is divided by 301.
1
Calculate the remainder when 43602 is divided by 135.
132
What is the remainder when 1502882 is divided by 66?
62
What is the remainder when 469 is divided by 33?
7
What is the remainder when 298 is divided by 267?
31
Calculate the remainder when 18326 is divided by 158.
156
What is the remainder when 5239 is divided by 192?
55
What is the remainder when 1265 is divided by 188?
137
Calculate the remainder when 6444 is divided by 3219.
6
What is the remainder when 2140 is divided by 1016?
108
What i